2 is divided by 48.
24
Calculate the remainder when 879 is divided by 98.
95
What is the remainder when 251 is divided by 28?
27
What is the remainder when 1991 is divided by 90?
11
Calculate the remainder when 70 is divided by 20.
10
Calculate the remainder when 746 is divided by 107.
104
Calculate the remainder when 4399 is divided by 55.
54
What is the remainder when 5217 is divided by 9?
6
Calculate the remainder when 144 is divided by 123.
21
What is the remainder when 3475 is divided by 47?
44
What is the remainder when 57 is divided by 17?
6
What is the remainder when 39 is divided by 24?
15
What is the remainder when 7625 is divided by 186?
185
Calculate the remainder when 77 is divided by 8.
5
What is the remainder when 285 is divided by 24?
21
What is the remainder when 108 is divided by 49?
10
Calculate the remainder when 376 is divided by 93.
4
Calculate the remainder when 538 is divided by 263.
12
Calculate the remainder when 2772 is divided by 37.
34
What is the remainder when 12649 is divided by 50?
49
Calculate the remainder when 2292 is divided by 28.
24
What is the remainder when 27 is divided by 8?
3
Calculate the remainder when 554 is divided by 185.
184
What is the remainder when 2541 is divided by 355?
56
Calculate the remainder when 39779 is divided by 78.
77
What is the remainder when 539 is divided by 30?
29
What is the remainder when 479 is divided by 94?
9
What is the remainder when 347 is divided by 44?
39
What is the remainder when 262 is divided by 4?
2
What is the remainder when 673 is divided by 2?
1
What is the remainder when 1121 is divided by 51?
50
Calculate the remainder when 262 is divided by 44.
42
What is the remainder when 27024 is divided by 233?
229
What is the remainder when 180 is divided by 23?
19
What is the remainder when 903 is divided by 443?
17
Calculate the remainder when 5266 is divided by 17.
13
Calculate the remainder when 532 is divided by 89.
87
What is the remainder when 349 is divided by 71?
65
Calculate the remainder when 70 is divided by 16.
6
What is the remainder when 321 is divided by 9?
6
What is the remainder when 56 is divided by 27?
2
What is the remainder when 337 is divided by 118?
101
What is the remainder when 428 is divided by 16?
12
Calculate the remainder when 7263 is divided by 21.
18
What is the remainder when 137 is divided by 41?
14
What is the remainder when 760 is divided by 251?
7
Calculate the remainder when 65 is divided by 43.
22
Calculate the remainder when 3414 is divided by 51.
48
Calculate the remainder when 72 is divided by 15.
12
Calculate the remainder when 55 is divided by 51.
4
Calculate the remainder when 4913 is divided by 5.
3
Calculate the remainder when 98 is divided by 56.
42
What is the remainder when 974 is divided by 61?
59
Calculate the remainder when 196 is divided by 62.
10
What is the remainder when 719 is divided by 223?
50
Calculate the remainder when 1401 is divided by 12.
9
What is the remainder when 18304 is divided by 6100?
4
Calculate the remainder when 235 is divided by 42.
25
Calculate the remainder when 2095 is divided by 162.
151
What is the remainder when 2202 is divided by 21?
18
What is the remainder when 21 is divided by 8?
5
Calculate the remainder when 70 is divided by 9.
7
Calculate the remainder when 19 is divided by 1.
0
What is the remainder when 612 is divided by 274?
64
Calculate the remainder when 34 is divided by 30.
4
Calculate the remainder when 310 is divided by 28.
2
Calculate the remainder when 214 is divided by 71.
1
Calculate the remainder when 2543 is divided by 39.
8
Calculate the remainder when 253 is divided by 95.
63
What is the remainder when 1618 is divided by 81?
79
What is the remainder when 922 is divided by 22?
20
Calculate the remainder when 89 is divided by 57.
32
Calculate the remainder when 2494 is divided by 50.
44
Calculate the remainder when 327 is divided by 68.
55
Calculate the remainder when 29396 is divided by 239.
238
Calculate the remainder when 317 is divided by 59.
22
Calculate the remainder when 1081 is divided by 9.
1
Calculate the remainder when 365 is divided by 31.
24
What is the remainder when 140 is divided by 68?
4
Calculate the remainder when 380 is divided by 119.
23
What is the remainder when 272 is divided by 166?
106
What is the remainder when 859 is divided by 841?
18
Calculate the remainder when 171 is divided by 51.
18
Calculate the remainder when 726 is divided by 104.
102
What is the remainder when 76 is divided by 32?
12
What is the remainder when 3439 is divided by 23?
12
What is the remainder when 248 is divided by 161?
87
Calculate the remainder when 243 is divided by 64.
51
What is the remainder when 4493 is divided by 29?
27
Calculate the remainder when 6140 is divided by 38.
22
What is the remainder when 171 is divided by 44?
39
What is the remainder when 480 is divided by 153?
21
Calculate the remainder when 174 is divided by 42.
6
Calculate the remainder when 32479 is divided by 14.
13
What is the remainder when 1455 is divided by 112?
111
Calculate the remainder when 204 is divided by 12.
0
What is the remainder when 98 is divided by 13?
7
Calculate the remainder when 27 is divided by 4.
3
What is the remainder when 225 is divided by 73?
6
Calculate the remainder when 829 is divided by 18.
1
Calculate the remainder when 2341 is divided by 1166.
9
What is the remainder when 687 is divided by 13?
11
What is the remainder when 4403 is divided by 232?
227
Calculate the remainder when 140 is divided by 66.
8
Calculate the remainder when 559 is divided by 272.
15
Calculate the remainder when 2804 is divided by 216.
212
What is the remainder when 640 is divided by 14?
10
What is the remainder when 95 is divided by 16?
15
Calculate the remainder when 168 is divided by 144.
24
What is the remainder when 236 is divided by 25?
11
Calculate the remainder when 1094 is divided by 61.
57
What is the remainder when 6107 is divided by 12?
11
What is the remainder when 73 is divided by 39?
34
What is the remainder when 77 is divided by 52?
25
Calculate the remainder when 115 is divided by 60.
55
Calculate the remainder when 752 is divided by 107.
3
What is the remainder when 390 is divided by 100?
90
Calculate the remainder when 525 is divided by 12.
9
Calculate the remainder when 531 is divided by 49.
41
What is the remainder when 173 is divided by 45?
38
Calculate the remainder when 2838 is divided by 16.
6
What is the remainder when 8220 is divided by 47?
42
Calculate the remainder when 1467 is divided by 40.
27
Calculate the remainder when 18 is divided by 7.
4
Calculate the remainder when 223 is divided by 114.
109
Calculate the remainder when 509 is divided by 27.
23
What is the remainder when 4155 is divided by 524?
487
What is the remainder when 13 is divided by 12?
1
What is the remainder when 103 is divided by 36?
31
What is the remainder when 46 is divided by 20?
6
Calculate the remainder when 82 is divided by 31.
20
Calculate the remainder when 439 is divided by 85.
14
Calculate the remainder when 277 is divided by 25.
2
What is the remainder when 353 is divided by 5?
3
Calculate the remainder when 288 is divided by 39.
15
Calculate the remainder when 1404 is divided by 83.
76
Calculate the remainder when 69 is divided by 3.
0
What is the remainder when 2008 is divided by 33?
28
Calculate the remainder when 2197 is divided by 19.
12
What is the remainder when 4033 is divided by 289?
276
Calculate the remainder when 6176 is divided by 87.
86
Calculate the remainder when 582 is divided by 24.
6
What is the remainder when 7 is divided by 5?
2
Calculate the remainder when 3625 is divided by 191.
187
What is the remainder when 35 is divided by 11?
2
Calculate the remainder when 67 is divided by 17.
16
What is the remainder when 2547 is divided by 52?
51
What is the remainder when 3978 is divided by 234?
0
Calculate the remainder when 154 is divided by 5.
4
What is the remainder when 167 is divided by 42?
41
What is the remainder when 68 is divided by 54?
14
What is the remainder when 213 is divided by 11?
4
What is the remainder when 215 is divided by 110?
105
Calculate the remainder when 4292 is divided by 38.
36
What is the remainder when 1772 is divided by 